 s(x) = -3*x - 95. Give s(-30).
-5
Let x(s) = s**3 + 7*s**2 - 21*s - 28. What is x(-9)?
-1
Let c(j) = -j**3 + 26*j**2 - 66*j - 65. What is c(23)?
4
Let g(v) = -4*v**3 - 3*v**2 + v + 2. Give g(-2).
20
Let u(f) = 10*f**3 + 1. Calculate u(1).
11
Let g(p) = 3*p - 17. What is g(12)?
19
Let h(a) = a**3 + 9*a**2 - 10*a + 5. Determine h(-10).
5
Let r(a) = a**3 - a**2 - a + 1. Give r(2).
3
Let c(j) = -4*j**2 - 61*j - 74. Determine c(-14).
-4
Let v(x) = -4*x**3 + x**2 - 2. Calculate v(-2).
34
Let y(z) = -13*z + 7. Determine y(4).
-45
Let r(v) = -v**3 - 8*v**2 - 2*v - 1. Determine r(-7).
-36
Let o(k) = -4*k - 66. Calculate o(-13).
-14
Let s(u) = -4*u**3 + u**2 - 3*u. Give s(2).
-34
Let u(p) = -2*p**2 - 4*p + 5. Calculate u(2).
-11
Let q(f) = -9*f - 21. Calculate q(-4).
15
Let v(b) = b**3 - 6*b**2 - 6*b - 14. Determine v(7).
-7
Let l(n) = 10*n + 76. Calculate l(-7).
6
Let r(y) = -9*y**2 - 7*y. Calculate r(2).
-50
Let q(v) = v**3 - 24*v**2 + v - 12. What is q(24)?
12
Let f(y) = 3*y**2 - 5*y + 5. What is f(4)?
33
Let i(d) = 2*d**3 + 14*d**2 + 6*d + 20. Give i(-6).
56
Let h(n) = 22*n**3 + n**2 + n + 1. Calculate h(-1).
-21
Let c(z) = -9*z - 39. What is c(-4)?
-3
Let b(t) = 8*t**2 - 4*t + 3. Give b(2).
27
Let w(z) = z**3 - 8*z**2 - 12*z + 21. Calculate w(9).
-6
Let f(p) = 4*p + 3. Give f(-7).
-25
Let j(q) = -q**2 - 44*q - 143. Calculate j(-40).
17
Let b(g) = -g**2 + 14*g + 15. Give b(15).
0
Let k(n) = n**3 + 9*n**2 + 22*n + 15. Determine k(-6).
-9
Let f(r) = -r**3 + 41*r**2 - 34*r - 211. Give f(40).
29
Let r(j) = 41*j + 7. Calculate r(-2).
-75
Let r(w) = -w**2 + 8*w - 15. What is r(11)?
-48
Let c(u) = -u**3 - 2*u**2 - u + 54. Determine c(0).
54
Let q(p) = p**2 + 55*p - 116. What is q(-57)?
-2
Let h(d) = d**2 + 7*d + 3. Determine h(-5).
-7
Let q(d) = -2*d + 5. Determine q(10).
-15
Let g(a) = 3*a + 3. Give g(3).
12
Let p(b) = 40*b - 83. Determine p(2).
-3
Let r(h) = -6*h - 20. What is r(-3)?
-2
Let y(x) = x**3 - 2*x**2 - 9*x + 13. Give y(6).
103
Let y(m) = 8*m - 228. What is y(28)?
-4
Let u(c) = c**3 + 16*c**2 + 17*c + 5. What is u(-15)?
-25
Let q(h) = -h**2 + 61*h + 479. What is q(68)?
3
Let p(r) = -r**3 + 14*r**2 - 24*r + 14. Give p(12).
14
Let m(r) = -2*r**2 + 13*r + 27. What is m(9)?
-18
Let q(h) = h**2 + 2*h + 14. Determine q(0).
14
Let q(p) = p**3 + 9*p**2 - 5. What is q(-9)?
-5
Let x(u) = u**2 + 4*u + 6. What is x(-6)?
18
Let h(b) = b**3 - 3*b**2 + 10*b - 18. Calculate h(3).
12
Let i(a) = -2*a**3 - 20*a**2 - 3*a - 1. Calculate i(-10).
29
Let a(p) = -p**2 - 2*p - 7. Determine a(-5).
-22
Let l(w) = -w**2 - 16*w + 70. Give l(-20).
-10
Let k(g) = g**2 - 8*g - 11. Determine k(-5).
54
Let s(v) = -3*v + 38. Determine s(10).
8
Let o(x) = -x**3 + 7*x**2 + 27*x + 25. Determine o(-2).
7
Let p(j) = -2*j - 1. Calculate p(-5).
9
Let y(n) = -3*n - 2. Determine y(2).
-8
Let v(b) = -10*b + 5. Calculate v(1).
-5
Let i(p) = -9*p - 57. Calculate i(-8).
15
Let s(t) = -t + 5. Calculate s(7).
-2
Let f(g) = -2*g**3 + g**2 - g + 1. What is f(1)?
-1
Let t(m) = m**2 + 24*m - 112. What is t(4)?
0
Let i(n) = 2*n**3 + 5*n**2 - 1. Calculate i(-4).
-49
Let i(m) = m**2 - 10*m - 32. What is i(-3)?
7
Let w(y) = -4*y - 16. What is w(-8)?
16
Let g(t) = 5*t**2 - 150*t - 4. What is g(30)?
-4
Let w(y) = -y**3 - y**2 + 3*y - 1. What is w(2)?
-7
Let p(i) = 3*i - 7. Calculate p(0).
-7
Let t(h) = h**2 - 24*h. Determine t(24).
0
Let j(q) = -8*q - 1. What is j(1)?
-9
Let o(u) = u**2 - 17*u + 21. Calculate o(16).
5
Let p(b) = -b**3 + b**2 - b + 52. Determine p(0).
52
Let g(a) = -4*a**2 - 97*a - 22. Calculate g(-24).
2
Let f(s) = -s**2 - 3*s + 5. Give f(-5).
-5
Let i(j) = -j**2 + 4*j - 14. Give i(0).
-14
Let l(j) = j**2 + 2*j - 2. Determine l(0).
-2
Let o(t) = -5*t - 15. What is o(-3)?
0
Let y(b) = 4*b - 8. Give y(8).
24
Let n(k) = -k**2 + 11*k - 32. What is n(8)?
-8
Let r(c) = c - 25. Calculate r(11).
-14
Let x(h) = 13*h**3 - h**2 + 2*h + 3. Calculate x(-1).
-13
Let p(r) = r - 8. Determine p(11).
3
Let q(d) = -d**3 - 15*d**2 - d - 7. Calculate q(-15).
8
Let w(h) = h**3 - 7*h**2 + 5*h + 14. Calculate w(6).
8
Let p(t) = 6*t + 97. Calculate p(-19).
-17
Let x(f) = 6*f - 18. Give x(15).
72
Let v(t) = 2*t + 4. What is v(-4)?
-4
Let u(g) = -2*g**3 + g**2 - 5*g. Give u(0).
0
Let u(p) = -2*p**3 + 3*p - 1. What is u(1)?
0
Let w(p) = -7*p - 6. What is w(-5)?
29
Let f(m) = -m**3 + 5*m**2 - m - 3. Give f(5).
-8
Let p(b) = -2*b**2 - 18*b - 3. Calculate p(-9).
-3
Let n(z) = z**3 - 8*z**2 - 3*z + 4. Calculate n(9).
58
Let u(j) = 11*j - 21. Calculate u(10).
89
Let k(q) = -q**2 - 6*q - 2. Give k(-4).
6
Let n(m) = m**2 + 10*m - 25. What is n(-12)?
-1
Let a(d) = 17*d**3 + d**2 + d + 1. Calculate a(-1).
-16
Let k(n) = n**3 - 7*n**2 - 6*n - 5. Determine k(6).
-77
Let d(l) = -l - 9. Determine d(-6).
-3
Let u(z) = -z**2 + 8*z - 4. Give u(6).
8
Let l(o) = 3*o + 117. Give l(-15).
72
Let b(p) = 3*p - 5. Calculate b(2).
1
Let v(y) = y**3 - y**2 - 7*y - 7. Calculate v(-2).
-5
Let z(o) = -2*o**2 + 11*o - 14. What is z(4)?
-2
Let a(d) = d**3 - 8*d**2 + 10*d + 16. Determine a(6).
4
Let v(d) = -d**3 + 6*d**2 + 8*d + 1. Determine v(7).
8
Let b(x) = -x**3 + 2*x**2 - 8. Give b(2).
-8
Let r(g) = -g**2 - 3*g + 3. What is r(2)?
-7
Let j(v) = -v**3 - 4*v**2 + 6*v + 5. Calculate j(-4).
-19
Let r(z) = 2*z + 18. Calculate r(-16).
-14
Let c(o) = -15*o + 1. What is c(-2)?
31
Let m(f) = 156*f + 782. Calculate m(-5).
2
Let k(n) = -7*n + 1. Give k(14).
-97
Let k(l) = l**2 - 11*l + 6. Determine k(7).
-22
Let z(v) = v**2 - 7*v - 44. Calculate z(-4).
0
Let y(v) = -2*v**2 + 13*v + 7. Calculate y(6).
13
Let b(c) = c**2 + 11*c + 15. Give b(-10).
5
Let z(m) = m**3 - 23*m**2 + m - 44. Calculate z(23).
-21
Let q(z) = -z + 1. What is q(22)?
-21
Let p(v) = v**2 - 2*v - 3. Calculate p(6).
21
Let q(p) = 3*p**2 + 8*p - 3. Calculate q(-3).
0
Let o(t) = t**3 - 3*t**2 + 5*t + 4. Calculate o(-1).
-5
Let i(a) = -3*a**2 - 1. Determine i(-2).
-13
Let s(w) = -w**3 + 15*w**2 + 51*w - 9. Determine s(-3).
0
Let g(y) = y + 18. Give g(-4).
14
Let m(t) = -t**3 - 3*t**2 - 9*t - 12. Give m(-2).
2
Let w(f) = 5*f**2 - 3*f. What is w(-2)?
26
Let x(i) = -i**3 - 8*i**2 - 7*i - 7. What is x(-8)?
49
Let s(n) = n**3 + 8*n**2 + 8*n - 6. What is s(-6)?
18
Let l(n) = 2*n - 6. Calculate l(7).
8
Let a(l) = -3*l**2 - 5*l + 1. Calculate a(-4).
-27
Let j(q) = -q + 12. What is j(12)?
0
Let b(t) = -9*t + 2. Give b(2).
-16
Let q(w) = 2*w**2 + 8*w - 23. What is q(-6)?
1
Let j(t) = t**3 + 11*t**2 - 10*t + 15. Give j(-12).
-9
Let u(z) = z**3 - 11*z**2 - 12*z - 13. Calculate u(12).
-13
Let d(l) = -l**2 - 13*l - 14. Determine d(-9).
22
Let p(f) = -f**2 + 22*f - 63. Determine p(22).
-63
Let z(d) = -3*d - 4. Determine z(-5).
11
Let h(a) = -11*a - 126. Give h(-10).
-16
Let p(i) = i**3 + 7*i**2 + 6*i + 8. Calculate p(-6).
8
Let r(y) = y**2 + 14*y - 16. Calculate r(-12).
-40
Let d(z) = 2*z**2 + 45*z + 18. Calculate d(-22).
-4
Let t(q) = -q**2 - 18*q - 32. Give t(-16).
0
Let j(c) = 8*c + 2. Calculate j(6).
50
Let g(h) = -2*h - 12. Give g(-13).
14
Let z(l) = -39*l**3 - 1. Determine z(-1).
38
Let d(a) = -a**2 + 9*a - 1. Calculate d(12).
-37
Let a(v) = v**3 - 5*v**2 - 49*v + 241. Determine a(5).
-4
Let y(h) = h**3 - 13*h**2 - 15*h + 16. Give y(14).
2
Let g(x) = x**3 + 14*x**2 + 16*x + 9. Calculate g(-13).
-30
Let a(w) = -w**3 + 3*w**2 - 7*w + 7. What is a(2)?
-3
Let k(y) = y**3 - 5*y**2 + 7. Calculate k(3).
-11
Let v(u) = -6*u - 53. Give v(-10).
7
Let s(k) = k**2 - 7*k + 2. Give s(8).
10
Let s(m) = -m**2 - 3*m - 8. Give s(-5).
-18
Let s(u) = u**3 + 8*u**2 + 7*u - 9. What is s(-7)?
-9
Let v(w) = w**3 - 12*w**2 + 14*w - 25. Give v(11).
8
Let d(l) = -l**3 - 2*l**2 - l - 7. Determine d(-3).
5
Let h(p) = -2*p + 4. Calculate h(7).
-10
Let h(x) = x**2 + 11*x + 2. Give h(-10).
-8
Let v(x) = 11*x + 1. Calculate v(-2).
-21
Let d(v) = -7*v - 31. Determine d(-8).
25
Let w(s) = 42*s - 27. What is w(1)?
15
Let n(c) = 3*c**2 - 5*c - 4. What is n(-2)?
18
Let b(a) = -2*a**3 - 17*a**2 + 9*a - 3. Give b(-9).
-3
Let l(i) = 3*i**2 - 11*i + 4. What is l(0)?
4
Let y(x) = -x + 73. Calculate y(20).
53
Let a(d) = 15*d + 1. Calculate a(-1).
-14
Let d(s) = -83*s**2 - s - 1. Give d(-1).
-83
Let h(a) = -a - 7. Give h(-3).
-4
Let x(n) = -n**3 - 8*n**2 + 16*n + 29. What is x(-10)?
69
Let j(k) = 126*k - 132. Give j(1).
-6
Let v(t) = -27